isor of a and 44.
11
Let y be -2 + (-2)/1 - -1. Suppose -4*w + 4 = 52. Let g be 0 + w*2/y. What is the highest common divisor of 56 and g?
8
Let v(x) = -x**3 - 12*x**2 - 3*x - 8. Let z be v(-12). Let k(a) = -7*a - 7. Let q be k(-7). Calculate the greatest common factor of q and z.
14
Suppose -5*s + 302 = -k, 3*k = 5*s + 53 - 359. Suppose 4 - s = -4*i. What is the greatest common divisor of i and 21?
7
Suppose -4 = 2*n - y, 0 = 3*n - 2*y - 2*y + 6. Let h = 4 + n. Suppose -3*k = -7*k + 16. Calculate the greatest common divisor of k and h.
2
Let c = 70 - 50. Let y be (-158)/(-13) - c/130. Calculate the greatest common factor of 12 and y.
12
Suppose 3 = -c + 13. What is the highest common factor of c and 30?
10
Let k(p) = 3 - 3*p**2 - p**2 - 28*p - p**3 + 22*p. Let q be k(-5). Calculate the highest common factor of 29 and q.
29
Let m(l) = 6*l - 2. Let a be m(5). Let s be 1352/a - 4/14. Let f be 1/(1 + (-10)/12). What is the highest common factor of f and s?
6
Let v be (-14)/42 + 4/3. What is the highest common factor of 11 and v?
1
Suppose 117 = 5*w - 23. Suppose 0 = x - 0*x + 4. Let y be (4/2)/(x/(-14)). What is the greatest common factor of w and y?
7
Suppose 2*q + 2*q - 60 = 5*k, 0 = -4*q + 2*k + 48. Let l be 1595/q + 3/2. What is the highest common divisor of l and 23?
23
Let z = -26 + 47. Suppose 5*j - 3*k - z = 55, 0 = -3*j - 5*k + 32. Calculate the highest common factor of 14 and j.
14
Let k(a) be the second derivative of -a**3/6 + a**2 + 2*a. Let c be k(2). Let r be (3 - c)*28/3. What is the greatest common divisor of 70 and r?
14
Let i = -39 + 60. Let a = 46 - -17. Let c be (1 - (0 + 1)) + a. What is the greatest common divisor of c and i?
21
Let t = 74 - 60. What is the highest common divisor of 56 and t?
14
Let g(u) = 2 - u + 0*u + 0*u. Let q be g(0). Suppose -2*l - 2*x + 4 = 2*x, -q*l + 2*x = -4. What is the greatest common divisor of l and 2?
2
Suppose -r + 29 = -5*m - 15, -5*r + m + 196 = 0. What is the greatest common divisor of r and 91?
13
Suppose 3*t + 1 = -2*v + 3*v, v = -5*t - 7. Let x = t + 4. Suppose x*h = 4 + 2. Calculate the greatest common factor of 8 and h.
2
Let t be (-17)/(-68) + 11/4. Suppose 4*d + 14 - 146 = 0. Calculate the highest common divisor of t and d.
3
Suppose -190 = -5*s - 5*v + 520, -s + 154 = -5*v. What is the greatest common factor of 16 and s?
16
Suppose 7*g = -g + 728. What is the greatest common divisor of g and 13?
13
Suppose 2*i + 18 = -6. Let r = 51 - 32. Let y = r + i. Calculate the greatest common divisor of 77 and y.
7
Suppose -5*j + 10 = -10. Suppose 53 = 2*d + 3*o, d = -3*d - j*o + 96. Let b be (-2)/4*0 + 152. Calculate the greatest common divisor of b and d.
19
Let j(l) = -2*l + 2. Let n be j(3). Let t be (-15)/(-6) + (-2)/n. Let r be 4 - (t - 2 - 1). What is the highest common divisor of 4 and r?
4
Let b be 1/2 + 10/4*7. What is the greatest common factor of b and 2?
2
Let r be (32/28)/((-6)/(-21)). Let a(l) = -l**3 + 6*l**2 + 2*l - 8. Let k be a(6). What is the highest common divisor of r and k?
4
Suppose -4*v - w + 39 = 4*w, 3*v = 3*w + 9. Calculate the highest common divisor of v and 24.
6
Let r = 85 + -81. Calculate the greatest common divisor of 16 and r.
4
Suppose 0 = a + 4*a - 10. What is the highest common divisor of 16 and a?
2
Let v = 38 - 10. What is the greatest common divisor of v and 70?
14
Let y be (0 + -7)*(-6 + 5). Let k be 2/(-7) - 5/y. Let b be (-266)/(-6) + k/3. Calculate the highest common factor of 11 and b.
11
Suppose 3*c - h = 2*h + 81, -2*h = 0. What is the greatest common factor of 3 and c?
3
Let d(y) = 2*y**3 - 3*y**2 + 4*y - 3. Let l be d(3). Let w be -1*(-1 + -31 + 1). Let i = w + 59. What is the greatest common factor of l and i?
18
Let k be (-3168)/(-11) + 0/1 + 0. What is the greatest common factor of k and 32?
32
Let c(d) = -d**2 + 16*d - 12. Let s be c(13). Calculate the greatest common factor of 243 and s.
27
Let d(v) = 3*v**3 + 2*v**2 - 2*v + 7. Let s be d(3). What is the greatest common divisor of s and 25?
25
Let t be 1*(-13 + 2)*-1. What is the greatest common factor of t and 1?
1
Let w(u) = -u**3 + 9*u**2 + 9*u + 14. Let t be w(10). Let y = -1 - -2. Calculate the greatest common factor of y and t.
1
Let a = 74 + -26. Suppose -596 = -5*t + x + x, -2 = -x. Calculate the highest common factor of a and t.
24
Let l = 7 + -4. Let q(y) = y**3 + y**2 + y. Let p be q(2). Suppose 3*b - 2 = -2*i + 3*i, 0 = -3*b + 5*i - p. Calculate the greatest common factor of b and l.
1
Let t be (1 + 12)*1 + 2. Suppose -8 = 3*b + 4. Let a(q) = -2*q**3 + 7*q + 5. Let s be a(b). What is the greatest common factor of s and t?
15
Suppose -z - z = 4, k + z - 10 = 0. What is the highest common factor of k and 1?
1
Let b(l) be the first derivative of 3*l**2/2 - 2*l - 4. Let t be b(2). Suppose t*y = 45 + 275. Calculate the highest common divisor of y and 10.
10
Suppose -5*i - 12 = -62. Let p = 7 - 9. Let h = 3 - p. What is the greatest common divisor of i and h?
5
Suppose -f + 0*f = -4. Let t(j) = -12*j - 2. Let b be t(1). Let q = b - -15. What is the highest common divisor of f and q?
1
Suppose -3*s - 9 = 0, -3*s - 15 - 48 = -3*i. What is the greatest common factor of i and 45?
9
Let c(f) = -3*f. Let p = -2 - -1. Let l be -2 - p/2*-8. Let r be c(l). What is the greatest common divisor of r and 144?
18
Let q(s) = -s**3 - 4*s**2 + 1. Let m be q(-2). Let g = m - -13. What is the highest common factor of 30 and g?
6
Let h(a) = 4*a**2 + a + 1. Let x be h(-1). Suppose -x*u + 576 = -u. Suppose -3*z + u = 45. What is the highest common divisor of z and 7?
7
Suppose 0 = -4*o + 21 - 5. What is the greatest common divisor of 36 and o?
4
Let i(l) = -2*l - 6*l - 4 + 4*l + 2*l. Let s be i(-4). Let z be 7/2*4*2. Calculate the highest common divisor of z and s.
4
Let l(c) = c**2 - 3*c - 1. Let y be l(4). Let r(p) = -p**3 + 6*p**2 + 6*p. Let h be r(7). Let d = 10 + h. Calculate the greatest common divisor of d and y.
3
Let k be 1/(-3)*23*-3. What is the highest common divisor of k and 23?
23
Suppose 5*n - q = 41, 5*n - 4*q - 39 = -5*q. Let l(g) = 16*g**3 - g - 1. Let w be l(-1). Let a = n - w. What is the highest common divisor of a and 8?
8
Let c = -147 + 156. What is the greatest common divisor of c and 207?
9
Let j(i) = i**3 - i**2 - i + 3. Let u be j(0). Let a(w) = u*w**2 - w**2 - w**2 + 4*w. Let t be a(-8). What is the highest common divisor of t and 4?
4
Let m be (-4 + 2 - -2) + 10. Let s be (-1 + -1)/(0 - (1 + 1)). What is the highest common divisor of m and s?
1
Let o be 1 - 0 - (2 + -1). Suppose 2*j - 9 = -5*i, -j - 4*i = -o*j. What is the greatest common divisor of j and 84?
12
Let m = 167 - 132. Calculate the greatest common divisor of m and 14.
7
Suppose 0 = -r + 3*j + 2, -4*j - 18 = -3*r - 2. Calculate the highest common factor of r and 56.
8
Let q(h) = h**2 - 9*h. Let r be q(9). Suppose 5*t - 9*t + 56 = r. Suppose -2*d + 6*w = w - 80, -d + 27 = 4*w. What is the greatest common divisor of t and d?
7
Let v(u) = -16*u**3 - 2*u**2 - 2*u + 2. Let a be v(-2). What is the highest common divisor of a and 18?
18
Let u(p) = -2*p + 1 - p**2 - 2*p**2 + 22*p**3 - 23*p**3. Let j be u(-2). Calculate the highest common factor of 7 and j.
1
Let y = 0 + 0. Let n = y - -1. Suppose 0 = -v + o + 1, -4*v + 3*o + n = -4. Calculate the highest common factor of 4 and v.
2
Let z be -3 + 4/1 + 1. Suppose 5 + 10 = 3*i. Calculate the highest common factor of z and i.
1
Let w = -717 - -1014. What is the greatest common divisor of 33 and w?
33
Let d(q) = -3*q**2 + 2*q + 5*q**2 + 0*q**2 + q. Let s = -8 + 6. Let v be d(s). What is the highest common factor of 18 and v?
2
Suppose 3*t - 185 = 2*j, 0 = 2*t - 2*j + 6*j - 150. Calculate the greatest common factor of t and 26.
13
Suppose 5*n - 3*n = 16. Calculate the greatest common divisor of n and 2.
2
Suppose 2*c - 4*t = 4*c + 276, -3*c = 5*t + 412. Let d = -26 - c. What is the greatest common factor of d and 27?
27
Let z = 13 - -5. Suppose -3*v - 2*o - 18 = 0, 0*v + z = -3*v - 3*o. Let q = -3 - v. Calculate the highest common divisor of q and 24.
3
Let z = -13 - -14. Let i be z*(1 + 12/2). Calculate the highest common factor of 21 and i.
7
Let z = 16 - -1. Suppose 45 - z = 4*n. What is the greatest common factor of n and 28?
7
Let n = 2 - 6. Let z be (10/8 + -3)*n. Su